{"id":1547,"date":"2025-04-08T11:01:55","date_gmt":"2025-04-08T09:01:55","guid":{"rendered":"https:\/\/wpms.plastoplan.com\/graesslin\/?page_id=1547"},"modified":"2025-12-09T15:41:31","modified_gmt":"2025-12-09T14:41:31","slug":"karriere","status":"publish","type":"page","link":"https:\/\/www.graesslin-kunststoffe.de\/unternehmen\/karriere\/","title":{"rendered":"Karriere"},"content":{"rendered":"\n<div class=\"wp-block-group has-global-padding is-layout-constrained wp-block-group-is-layout-constrained gs_IDxymD group_wrap\">\n<div class=\"wp-block-group alignwide has-primary-background-color has-background has-global-padding is-layout-constrained wp-block-group-is-layout-constrained\" style=\"padding-top:var(--wp--preset--spacing--small);padding-bottom:var(--wp--preset--spacing--small)\">\n<h1 class=\"wp-block-heading has-text-align-center has-background-color has-text-color has-link-color has-nexa-font-family has-x-large-font-size wp-elements-3e6ec34902b2a668ba6ae4d6126b2265 gs_PKhOw6\" style=\"font-style:normal;font-weight:300\">Karriere<\/h1>\n<\/div>\n<\/div>\n\n\n\n<p><\/p>\n\n\n\n<p><\/p>\n\n\n<div  class=\"gs_y3Ypb1 alignfull\">\n<div class=\"wp-block-columns alignfull is-layout-flex wp-container-core-columns-is-layout-606a2e66 wp-block-columns-is-layout-flex\" style=\"margin-top:0\">\n<div class=\"wp-block-column col-12 col-sm-auto order-1 order-sm-0 order-md-0 order-lg-0 is-layout-flow wp-block-column-is-layout-flow\">\n<div id=\"greyd-69afcef1369d8\" class=\"wp-block-greyd-box gs_weg4te greyd-content-box gs_weg4te flex-justify-space-between\">\n<div class=\"wp-block-group has-global-padding is-layout-constrained wp-container-core-group-is-layout-19e250f3 wp-block-group-is-layout-constrained\">\n<h2 class=\"wp-block-heading has-primary-color has-text-color has-link-color wp-elements-4f52412708d1d4b7ed0c73ce4b8d4416 gs_0CPPfy\">Ausbildungsstelle<\/h2>\n\n\n\n<h3 class=\"wp-block-heading\">Fachkraft f\u00fcr Lagerlogistik (Gr\u00e4sslin S\u00dcD GmbH)<\/h3>\n<\/div>\n\n\n\n<p class=\"gs_IEP2x7\">Wir haben ab dem 1. September 2026 eine neue Ausbildungsstelle zu besetzen. In der nachfolgend verlinkten PDF Datei findet Ihr alle Informationen zu der Ausbildung.<\/p>\n\n\n\n<ul class=\"wp-block-greyd-list\" id=\"list_69afcef1366b1\"  data-anim-action=\"fadeInDown\" data-anim-event=\"onScroll\" data-anim-triggered=\"false\" data-anim-from=\"opacity: 0; transform: translateY(-100px);\" data-anim-to=\"opacity: 1; transform: translateY(0px);\" data-anim-id=\"anim-69afcef13681e\" data-anim-start=\"70%\" data-anim-reverse=\"false\">\n<li><span class=\"list_icon arrow_right_alt\" aria-hidden=\"true\"><\/span><span class=\"list_content\"><p><strong><a href=\"https:\/\/www.graesslin-kunststoffe.de\/wp-content\/uploads\/sites\/5\/2025\/12\/Stelle_Azubi_Lager-Logistik_2026.pdf\" target=\"_blank\" data-type=\"link\" data-id=\"https:\/\/www.graesslin-kunststoffe.de\/wp-content\/uploads\/sites\/5\/2025\/12\/Stelle_Azubi_Lager-Logistik_2026.pdf\" rel=\"noreferrer noopener\">Stellenanzeige als PDF-Datei \u00f6ffnen<\/a><\/strong><\/p><\/span><\/li>\n<\/ul>\n<\/div>\n<\/div>\n\n\n\n<div class=\"wp-block-column col-12 col-sm-auto is-layout-flow wp-block-column-is-layout-flow\">\n<div id=\"greyd-69afcef136f37\" class=\"wp-block-greyd-box gs_mDPkyZ greyd-content-box gs_mDPkyZ flex-justify-space-between has-background\"><div id='bg_69afcef136a63' class='greyd-background'>\n\t\t\t\t\t\t\t\t<div class='bg_image'  data-srcset='{\"150\":\"https:\\\/\\\/www.graesslin-kunststoffe.de\\\/wp-content\\\/uploads\\\/sites\\\/5\\\/2025\\\/05\\\/Grosshandelsmanagement_Azubi-150x150.jpeg\",\"300\":\"https:\\\/\\\/www.graesslin-kunststoffe.de\\\/wp-content\\\/uploads\\\/sites\\\/5\\\/2025\\\/05\\\/Grosshandelsmanagement_Azubi-300x225.jpeg\",\"full\":\"https:\\\/\\\/www.graesslin-kunststoffe.de\\\/wp-content\\\/uploads\\\/sites\\\/5\\\/2025\\\/05\\\/Grosshandelsmanagement_Azubi.jpeg\"}'><\/div>\n\t\t\t\t\t\t\t\t\n\t\t\t\t\t\t\t\t\n\t\t\t\t\t\t\t\t\n\t\t\t\t\t\t\t<\/div><\/div>\n<\/div>\n<\/div>\n<\/div>\n\n\n<div class=\"wp-block-columns alignfull is-layout-flex wp-container-core-columns-is-layout-606a2e66 wp-block-columns-is-layout-flex\" style=\"margin-top:0\">\n<div class=\"wp-block-column col-12 col-sm-auto is-layout-flow wp-block-column-is-layout-flow\"><\/div>\n\n\n\n<div class=\"wp-block-column col-12 col-sm-auto order-1 order-sm-0 order-md-0 order-lg-0 is-layout-flow wp-block-column-is-layout-flow\"><\/div>\n<\/div>\n\n\n\n<div class=\"wp-block-group alignwide has-global-padding is-layout-constrained wp-block-group-is-layout-constrained gs_WveBrY group_wrap\">\n<div class=\"wp-block-columns alignwide is-layout-flex wp-container-core-columns-is-layout-28f84493 wp-block-columns-is-layout-flex\">\n<div class=\"wp-block-column col-12 col-sm-auto is-layout-flow wp-block-column-is-layout-flow\">\n<h1 class=\"wp-block-heading has-nexa-font-family has-x-large-font-size gs_nLrwHa\" style=\"font-style:normal;font-weight:300\">Karriere in der Kunststoffbranche<\/h1>\n\n\n\n<p class=\"gs_cq6Ci8\">Es gibt viele Wege, Karriere in der Kunststoffbranche zu machen, denn hier kommt es auf das Zusammenspiel vieler verschiedener Talente und Fachkenntnisse an. Bei Gr\u00e4sslin Kunststoffe arbeiten Kaufleute, Techniker, Lageristen und viele weitere Fachleute gemeinsam daran, innovative, perfekt auf das jeweilige Projekt abgestimmte Kunststoffl\u00f6sungen zu entwickeln und zu liefern.<br><br>Wir bieten nicht nur die besten Voraussetzungen f\u00fcr zielorientierte, flexible und kreative Arbeit, sondern auch die passende Verg\u00fctung dazu. Die Kunststoffdistribution, so wie wir sie betreiben, bietet krisensichere Arbeitspl\u00e4tze mit Raum f\u00fcr Mitgestaltung und pers\u00f6nliches Wachstum. Im Team und dar\u00fcber hinaus begegnen wir uns gegenseitig auf Augenh\u00f6he und kommunizieren wertsch\u00e4tzend und f\u00f6rdernd.<br><br>Wir sind immer daran interessiert, Menschen kennenzulernen, die sich f\u00fcr eine Karriere in der Kunststoffbranche begeistern und nach einer vielseitigen und verantwortungsvollen T\u00e4tigkeit suchen. Auch wenn aktuell keine passende Stelle ausgeschrieben ist, freuen wir uns \u00fcber Initiativbewerbungen.<br><br>Ansprechpartnerin:<br>Personalleiterin Carina Schneider<br><a href=\"mailto:bewerbung@graesslin-kunststoffe.de\"><mark style=\"background-color:rgba(0, 0, 0, 0)\" class=\"has-inline-color has-primary-color\">bewerbung@graesslin-kunststoffe.de<\/mark><\/a><br>Telefon: 07721 4040 135<\/p>\n\n\n\n<h3 class=\"wp-block-heading has-primary-color has-text-color has-link-color wp-elements-a0f98056e6d2c03741af0c0349686049\"><strong>Das macht krisensichere Karriere bei Gr\u00e4sslin Kunststoffe aus:<\/strong><\/h3>\n\n\n\n<ul class=\"wp-block-list\">\n<li>Wertsch\u00e4tzendes und f\u00f6rderndes Arbeitsumfeld mit \u201eCan-do-Mentalit\u00e4t\u201c<\/li>\n\n\n\n<li>Raum f\u00fcr Mitgestaltung und pers\u00f6nliches Wachstum<\/li>\n\n\n\n<li>Zugeh\u00f6rigkeit zu einem internationalen Familienunternehmen auf Wachstumskurs<\/li>\n\n\n\n<li>Moderne B\u00fcro-Organisation mit Gleitzeit und der M\u00f6glichkeit vom Homeoffice zu arbeiten<\/li>\n\n\n\n<li>Benefits: Gruppenunfallversicherung, Betriebliche Altersvorsorge, Betriebliche Krankenversicherung, Bezuschussung von Verm\u00f6genswirksamen Leistungen<\/li>\n\n\n\n<li>Urlaubs- und Weihnachtsgeld<\/li>\n<\/ul>\n<\/div>\n\n\n\n<div class=\"wp-block-column col-12 col-sm-auto is-layout-flow wp-block-column-is-layout-flow\">\n<h1 class=\"wp-block-heading has-nexa-font-family has-x-large-font-size gs_Njt3gv\" style=\"font-style:normal;font-weight:300\">Gr\u00e4sslin Kunststoffe als Ausbildungsbetrieb<\/h1>\n\n\n\n<p class=\"gs_V2lSdh\">Als inhabergef\u00fchrtes Unternehmen verbinden wir Innovationsfreude und moderne Unternehmensf\u00fchrung mit den verl\u00e4sslichen Werten des Mittelstandes. In einer starken Gruppe mit zwei Standorten in Deutschland und 23 Schwesterfirmen im europ\u00e4ischen Ausland sind wir dar\u00fcber hinaus verl\u00e4sslicher Partner f\u00fcr nahezu alle Industrien. Gemeinsam mit Kunden weltweit entwickeln wir ma\u00dfgeschneiderte Kunststoff- und Logistikl\u00f6sungen als Antwort auf die Herausforderungen einer nachhaltigen Zukunft. Wir begleiten die kunststoffverarbeitende Industrie \u00fcber die gesamte Prozesskette von zur Realisierung und unterst\u00fctzen diese mit unserem fundierten Fachwissen.<br><br>Wo so viele Menschen erfolgreich zusammenarbeiten, sind die unterschiedlichsten Talente und F\u00e4higkeiten gefragt. Dementsprechend k\u00f6nnen wir als Ausbildungsbetrieb in der Kunststoffbranche ganz verschiedene Ausbildungsberufe vom Kaufmann bis zur Handwerkerin anbieten<br><br>Unsere Auszubildenden profitieren von:<\/p>\n\n\n\n<ul class=\"wp-block-list\">\n<li>Auslandspraktika<\/li>\n\n\n\n<li>1-zu-1-Ausbildungsbetreuung durch erfahrene Ausbilder\/innen<\/li>\n\n\n\n<li>Urlaubs- und Weihnachtsgeld<\/li>\n\n\n\n<li>Benefits: Gruppenunfallversicherung, Betriebliche Altersvorsorge, Betriebliche Krankenversicherung, Bezuschussung von Verm\u00f6genswirksamen Leistungen<\/li>\n\n\n\n<li>Krisensichere Jobaussichten<\/li>\n<\/ul>\n\n\n\n<p class=\"gs_K9dOq9\">Auch wenn aktuell kein passender Ausbildungsplatz ausgeschrieben ist, freuen wir uns \u00fcber Initiativbewerbungen an <a href=\"mailto:bewerbung@graesslin-kunststoffe.de\"><mark style=\"background-color:rgba(0, 0, 0, 0)\" class=\"has-inline-color has-primary-color\">bewerbung@graesslin-kunststoffe.de. <\/mark><\/a>Ansprechpartnerin ist unsere Personalleiterin Carina Schneider.<\/p>\n<\/div>\n<\/div>\n<\/div>\n\n\n\n<p><\/p>\n","protected":false},"excerpt":{"rendered":"<p>Karriere Karriere in der Kunststoffbranche Es gibt viele Wege, Karriere in der Kunststoffbranche zu machen, denn hier kommt es auf das Zusammenspiel vieler verschiedener Talente und Fachkenntnisse an. Bei Gr\u00e4sslin Kunststoffe arbeiten Kaufleute, Techniker, Lageristen und viele weitere Fachleute gemeinsam daran, innovative, perfekt auf das jeweilige Projekt abgestimmte Kunststoffl\u00f6sungen zu entwickeln und zu liefern. Wir [&hellip;]<\/p>\n","protected":false},"author":3,"featured_media":0,"parent":53,"menu_order":70,"comment_status":"closed","ping_status":"closed","template":"","meta":{"greyd_block_editor_preview":[],"footnotes":""},"class_list":["post-1547","page","type-page","status-publish","hentry"],"_links":{"self":[{"href":"https:\/\/www.graesslin-kunststoffe.de\/wp-json\/wp\/v2\/pages\/1547","targetHints":{"allow":["GET"]}}],"collection":[{"href":"https:\/\/www.graesslin-kunststoffe.de\/wp-json\/wp\/v2\/pages"}],"about":[{"href":"https:\/\/www.graesslin-kunststoffe.de\/wp-json\/wp\/v2\/types\/page"}],"author":[{"embeddable":true,"href":"https:\/\/www.graesslin-kunststoffe.de\/wp-json\/wp\/v2\/users\/3"}],"replies":[{"embeddable":true,"href":"https:\/\/www.graesslin-kunststoffe.de\/wp-json\/wp\/v2\/comments?post=1547"}],"version-history":[{"count":64,"href":"https:\/\/www.graesslin-kunststoffe.de\/wp-json\/wp\/v2\/pages\/1547\/revisions"}],"predecessor-version":[{"id":7211,"href":"https:\/\/www.graesslin-kunststoffe.de\/wp-json\/wp\/v2\/pages\/1547\/revisions\/7211"}],"up":[{"embeddable":true,"href":"https:\/\/www.graesslin-kunststoffe.de\/wp-json\/wp\/v2\/pages\/53"}],"wp:attachment":[{"href":"https:\/\/www.graesslin-kunststoffe.de\/wp-json\/wp\/v2\/media?parent=1547"}],"curies":[{"name":"wp","href":"https:\/\/api.w.org\/{rel}","templated":true}]}}

<div class="wp-block-group has-global-padding is-layout-constrained wp-block-group-is-layout-constrained gs_IDxymD group_wrap">
<div class="wp-block-group alignwide has-primary-background-color has-background has-global-padding is-layout-constrained wp-block-group-is-layout-constrained" style="padding-top:var(--wp--preset--spacing--small);padding-bottom:var(--wp--preset--spacing--small)">
<h1 class="wp-block-heading has-text-align-center has-background-color has-text-color has-link-color has-nexa-font-family has-x-large-font-size wp-elements-3e6ec34902b2a668ba6ae4d6126b2265 gs_PKhOw6" style="font-style:normal;font-weight:300">Karriere</h1>
</div>
</div>



<p></p>



<p></p>


<div  class="gs_y3Ypb1 alignfull">
<div class="wp-block-columns alignfull is-layout-flex wp-container-core-columns-is-layout-606a2e66 wp-block-columns-is-layout-flex" style="margin-top:0">
<div class="wp-block-column col-12 col-sm-auto order-1 order-sm-0 order-md-0 order-lg-0 is-layout-flow wp-block-column-is-layout-flow">
<div id="greyd-69afcef1369d8" class="wp-block-greyd-box gs_weg4te greyd-content-box gs_weg4te flex-justify-space-between">
<div class="wp-block-group has-global-padding is-layout-constrained wp-container-core-group-is-layout-19e250f3 wp-block-group-is-layout-constrained">
<h2 class="wp-block-heading has-primary-color has-text-color has-link-color wp-elements-4f52412708d1d4b7ed0c73ce4b8d4416 gs_0CPPfy">Ausbildungsstelle</h2>



<h3 class="wp-block-heading">Fachkraft für Lagerlogistik (Grässlin SÜD GmbH)</h3>
</div>



<p class="gs_IEP2x7">Wir haben ab dem 1. September 2026 eine neue Ausbildungsstelle zu besetzen. In der nachfolgend verlinkten PDF Datei findet Ihr alle Informationen zu der Ausbildung.</p>



<ul class="wp-block-greyd-list" id="list_69afcef1366b1"  data-anim-action="fadeInDown" data-anim-event="onScroll" data-anim-triggered="false" data-anim-from="opacity: 0; transform: translateY(-100px);" data-anim-to="opacity: 1; transform: translateY(0px);" data-anim-id="anim-69afcef13681e" data-anim-start="70%" data-anim-reverse="false">
<li><span class="list_icon arrow_right_alt" aria-hidden="true"></span><span class="list_content"><p><strong><a href="https://www.graesslin-kunststoffe.de/wp-content/uploads/sites/5/2025/12/Stelle_Azubi_Lager-Logistik_2026.pdf" target="_blank" data-type="link" data-id="https://www.graesslin-kunststoffe.de/wp-content/uploads/sites/5/2025/12/Stelle_Azubi_Lager-Logistik_2026.pdf" rel="noreferrer noopener">Stellenanzeige als PDF-Datei öffnen</a></strong></p></span></li>
</ul>
</div>
</div>



<div class="wp-block-column col-12 col-sm-auto is-layout-flow wp-block-column-is-layout-flow">
<div id="greyd-69afcef136f37" class="wp-block-greyd-box gs_mDPkyZ greyd-content-box gs_mDPkyZ flex-justify-space-between has-background"><div id='bg_69afcef136a63' class='greyd-background'>
								<div class='bg_image'  data-srcset='{"150":"https:\/\/www.graesslin-kunststoffe.de\/wp-content\/uploads\/sites\/5\/2025\/05\/Grosshandelsmanagement_Azubi-150x150.jpeg","300":"https:\/\/www.graesslin-kunststoffe.de\/wp-content\/uploads\/sites\/5\/2025\/05\/Grosshandelsmanagement_Azubi-300x225.jpeg","full":"https:\/\/www.graesslin-kunststoffe.de\/wp-content\/uploads\/sites\/5\/2025\/05\/Grosshandelsmanagement_Azubi.jpeg"}'></div>
								
								
								
							</div></div>
</div>
</div>
</div>


<div class="wp-block-columns alignfull is-layout-flex wp-container-core-columns-is-layout-606a2e66 wp-block-columns-is-layout-flex" style="margin-top:0">
<div class="wp-block-column col-12 col-sm-auto is-layout-flow wp-block-column-is-layout-flow"></div>



<div class="wp-block-column col-12 col-sm-auto order-1 order-sm-0 order-md-0 order-lg-0 is-layout-flow wp-block-column-is-layout-flow"></div>
</div>



<div class="wp-block-group alignwide has-global-padding is-layout-constrained wp-block-group-is-layout-constrained gs_WveBrY group_wrap">
<div class="wp-block-columns alignwide is-layout-flex wp-container-core-columns-is-layout-28f84493 wp-block-columns-is-layout-flex">
<div class="wp-block-column col-12 col-sm-auto is-layout-flow wp-block-column-is-layout-flow">
<h1 class="wp-block-heading has-nexa-font-family has-x-large-font-size gs_nLrwHa" style="font-style:normal;font-weight:300">Karriere in der Kunststoffbranche</h1>



<p class="gs_cq6Ci8">Es gibt viele Wege, Karriere in der Kunststoffbranche zu machen, denn hier kommt es auf das Zusammenspiel vieler verschiedener Talente und Fachkenntnisse an. Bei Grässlin Kunststoffe arbeiten Kaufleute, Techniker, Lageristen und viele weitere Fachleute gemeinsam daran, innovative, perfekt auf das jeweilige Projekt abgestimmte Kunststofflösungen zu entwickeln und zu liefern.<br><br>Wir bieten nicht nur die besten Voraussetzungen für zielorientierte, flexible und kreative Arbeit, sondern auch die passende Vergütung dazu. Die Kunststoffdistribution, so wie wir sie betreiben, bietet krisensichere Arbeitsplätze mit Raum für Mitgestaltung und persönliches Wachstum. Im Team und darüber hinaus begegnen wir uns gegenseitig auf Augenhöhe und kommunizieren wertschätzend und fördernd.<br><br>Wir sind immer daran interessiert, Menschen kennenzulernen, die sich für eine Karriere in der Kunststoffbranche begeistern und nach einer vielseitigen und verantwortungsvollen Tätigkeit suchen. Auch wenn aktuell keine passende Stelle ausgeschrieben ist, freuen wir uns über Initiativbewerbungen.<br><br>Ansprechpartnerin:<br>Personalleiterin Carina Schneider<br><a href="mailto:bewerbung@graesslin-kunststoffe.de"><mark style="background-color:rgba(0, 0, 0, 0)" class="has-inline-color has-primary-color">bewerbung@graesslin-kunststoffe.de</mark></a><br>Telefon: 07721 4040 135</p>



<h3 class="wp-block-heading has-primary-color has-text-color has-link-color wp-elements-a0f98056e6d2c03741af0c0349686049"><strong>Das macht krisensichere Karriere bei Grässlin Kunststoffe aus:</strong></h3>



<ul class="wp-block-list">
<li>Wertschätzendes und förderndes Arbeitsumfeld mit „Can-do-Mentalität“</li>



<li>Raum für Mitgestaltung und persönliches Wachstum</li>



<li>Zugehörigkeit zu einem internationalen Familienunternehmen auf Wachstumskurs</li>



<li>Moderne Büro-Organisation mit Gleitzeit und der Möglichkeit vom Homeoffice zu arbeiten</li>



<li>Benefits: Gruppenunfallversicherung, Betriebliche Altersvorsorge, Betriebliche Krankenversicherung, Bezuschussung von Vermögenswirksamen Leistungen</li>



<li>Urlaubs- und Weihnachtsgeld</li>
</ul>
</div>



<div class="wp-block-column col-12 col-sm-auto is-layout-flow wp-block-column-is-layout-flow">
<h1 class="wp-block-heading has-nexa-font-family has-x-large-font-size gs_Njt3gv" style="font-style:normal;font-weight:300">Grässlin Kunststoffe als Ausbildungsbetrieb</h1>



<p class="gs_V2lSdh">Als inhabergeführtes Unternehmen verbinden wir Innovationsfreude und moderne Unternehmensführung mit den verlässlichen Werten des Mittelstandes. In einer starken Gruppe mit zwei Standorten in Deutschland und 23 Schwesterfirmen im europäischen Ausland sind wir darüber hinaus verlässlicher Partner für nahezu alle Industrien. Gemeinsam mit Kunden weltweit entwickeln wir maßgeschneiderte Kunststoff- und Logistiklösungen als Antwort auf die Herausforderungen einer nachhaltigen Zukunft. Wir begleiten die kunststoffverarbeitende Industrie über die gesamte Prozesskette von zur Realisierung und unterstützen diese mit unserem fundierten Fachwissen.<br><br>Wo so viele Menschen erfolgreich zusammenarbeiten, sind die unterschiedlichsten Talente und Fähigkeiten gefragt. Dementsprechend können wir als Ausbildungsbetrieb in der Kunststoffbranche ganz verschiedene Ausbildungsberufe vom Kaufmann bis zur Handwerkerin anbieten<br><br>Unsere Auszubildenden profitieren von:</p>



<ul class="wp-block-list">
<li>Auslandspraktika</li>



<li>1-zu-1-Ausbildungsbetreuung durch erfahrene Ausbilder/innen</li>



<li>Urlaubs- und Weihnachtsgeld</li>



<li>Benefits: Gruppenunfallversicherung, Betriebliche Altersvorsorge, Betriebliche Krankenversicherung, Bezuschussung von Vermögenswirksamen Leistungen</li>



<li>Krisensichere Jobaussichten</li>
</ul>



<p class="gs_K9dOq9">Auch wenn aktuell kein passender Ausbildungsplatz ausgeschrieben ist, freuen wir uns über Initiativbewerbungen an <a href="mailto:bewerbung@graesslin-kunststoffe.de"><mark style="background-color:rgba(0, 0, 0, 0)" class="has-inline-color has-primary-color">bewerbung@graesslin-kunststoffe.de. </mark></a>Ansprechpartnerin ist unsere Personalleiterin Carina Schneider.</p>
</div>
</div>
</div>



<p></p>

<p>Karriere Karriere in der Kunststoffbranche Es gibt viele Wege, Karriere in der Kunststoffbranche zu machen, denn hier kommt es auf das Zusammenspiel vieler verschiedener Talente und Fachkenntnisse an. Bei Grässlin Kunststoffe arbeiten Kaufleute, Techniker, Lageristen und viele weitere Fachleute gemeinsam daran, innovative, perfekt auf das jeweilige Projekt abgestimmte Kunststofflösungen zu entwickeln und zu liefern. Wir [&hellip;]</p>
